 the prime factors of x?
2
Let r(u) = 41*u**3 - 2*u**2 - 7*u + 17. Let y be (-15 - (-13 + 4)) + 3*3. List the prime factors of r(y).
5, 7, 31
Let t be 1*28/1 - (-5 - -5). Let g = -29 + t. List the prime factors of g*(9/3 + -88).
5, 17
Suppose -2*q - 3 = -7. Suppose -3*m - q*i = i - 1536, 2*m = 5*i + 989. Let s = -295 + m. What are the prime factors of s?
2, 53
List the prime factors of (-6 + 9 + 0)*155/(-45)*-2361.
31, 787
Suppose -17*n = -18*n + 733. Let b = 1340 - n. What are the prime factors of b?
607
Let m be 37 + -43 - 5/(10/(-8676)). Suppose 294*u + m = 298*u. What are the prime factors of u?
3, 19
Let g(i) = 223*i + 4486. List the prime factors of g(158).
2, 3, 5, 331
Suppose -3*t + 8954 = 19*t. Suppose -o - f = -442, -t - 1367 = -4*o - f. What are the prime factors of o?
2, 3, 37
Suppose -5*t - 5*x = -56630, 7*x = -3*t + 8*x + 33970. What are the prime factors of t?
2, 19, 149
Let z(c) be the third derivative of -c**6/120 - c**5/60 + c**4/8 - 2*c**3/3 + 19*c**2. Let s be z(-7). Suppose 2*n - s = -89. What are the prime factors of n?
2, 3, 5
Let f = -141 - -141. Suppose v - 145 = -2*n - f*n, -5*n = -2*v - 358. What are the prime factors of n?
2, 3
Suppose -8*u + 5*u + 5*v = -41902, u - v = 13968. List the prime factors of u.
61, 229
Let w(h) = -8*h**3 + 61*h**2 + 36*h - 27. List the prime factors of w(-9).
2, 3, 193
Let u be 57/(-95) - (-168)/5. Suppose -u*y - 458 = -35*y. Let g = y - 127. What are the prime factors of g?
2, 3, 17
Suppose 0 = -0*t + 10*t - 810. Let o = -46 + t. Let b = o + 23. What are the prime factors of b?
2, 29
Let w(b) = 68 - 57 + 0*b + 4*b. Let k = 76 - 66. List the prime factors of w(k).
3, 17
Suppose -5*f - 307 = -2*p, 3*p - 2*f = 2*p + 156. Suppose 123 = -3*t + t - j, -3*j = -3*t - 189. Let r = p + t. What are the prime factors of r?
2, 13
Let j = -17 - -34. Let u(r) = 34 - j + 5*r + 54. List the prime factors of u(0).
71
What are the prime factors of (-48)/(-6) + -4 - -3674?
2, 3, 613
Let n = 3 + -18. List the prime factors of 155/(-124)*50*(n + 1).
5, 7
Let k(o) = o**3 + 3*o**2 + 2. Let m be k(3). Let v = 863 - 859. Suppose 6*w - m = v*w. What are the prime factors of w?
2, 7
Suppose -5*n - 25 = 0, -4*n - 1549 = 2*v - n. Let o = 1631 + v. Suppose -o = -8*x - x. List the prime factors of x.
2, 3
Let l(g) = g**3 + 7*g**2 + 9*g - 9. Let b be l(-4). Suppose 5610 = s + b*s - 2*w, -5*w = -s + 1407. What are the prime factors of s?
2, 701
Suppose 0 = -5*q + n + 20995, 4*n + 20995 = -7*q + 12*q. List the prime factors of q.
13, 17, 19
Let y(j) = 253*j**2 - 41*j + 34. What are the prime factors of y(12)?
2, 17987
Suppose 8*p + 1 + 7 = 0. Let r be 1*((-9)/3)/p. Let o = 73 + r. List the prime factors of o.
2, 19
Let r(q) = 207*q - 110. Let y be r(26). Suppose 0 = s, -2*s + 408 = -4*c + y. List the prime factors of c.
2, 19
Let a be 15*(6/(-8))/(15/(-12)). What are the prime factors of -3*4/36 - (-2244)/a?
3, 83
Let u(x) = 176*x**2 + 271*x - 75. What are the prime factors of u(-10)?
5, 2963
Suppose -66 = 7*z - 262. Suppose -2*t - 18096 = -z*t. List the prime factors of t.
2, 3, 29
Let h = -3298 - -13668. List the prime factors of h.
2, 5, 17, 61
Suppose 0 = -4*b + 7*m - 2*m + 23, 3*b - 3 = -m. Suppose -5*c + 1126 = l, -3*c - b*c - 3478 = -3*l. List the prime factors of l.
1151
Let y(j) = 231*j**2 - 81*j + 3. What are the prime factors of y(-7)?
3, 1321
Let u(j) = 327*j**3 - 23*j**2 + 44*j. List the prime factors of u(3).
2, 3, 1459
Let i(q) = -955*q**2 + 19*q + 3. Let r(j) = -478*j**2 + 10*j + 1. Let n(b) = -3*i(b) + 5*r(b). List the prime factors of n(-1).
2, 239
Suppose 0 = 4*y - 29*y + 28225. Suppose -5*f = -4994 + y. List the prime factors of f.
773
Suppose 131566 = 2*l - 2*b, -b + 96926 + 166251 = 4*l. What are the prime factors of l?
2, 257
Let k(r) = r**2 - 4*r + 41. Let v = -207 - -186. What are the prime factors of k(v)?
2, 283
Let s(a) = 4*a**2 + 33*a - 1. Let o be s(-7). What are the prime factors of o/(-4) + -7 - -1213?
3, 5
Let j(l) = -8*l - 82. Let s be (-1)/((-102)/(-33) + 0 + -3). List the prime factors of j(s).
2, 3
Let l(u) = -u**2 - 64*u - 386. List the prime factors of l(-31).
7, 13
Let j(i) = 67*i**3 + 26*i**2 - 149*i + 73. List the prime factors of j(6).
29, 503
Let v(r) = 1269*r**2 + 3*r + 6. Let m be v(-1). Suppose -4*n = 5*x - m, -x + 5*n + 240 = n. What are the prime factors of x?
2, 3, 7
Let x(l) = -5048*l + 140. What are the prime factors of x(-5)?
2, 3, 5, 47
Suppose 23*v - 91061 = 193633. What are the prime factors of v?
2, 3, 2063
Let g(s) = -11*s**3 + 25*s**2 + s - 21. List the prime factors of g(-9).
2, 3, 1669
Suppose -4*g - 30904 = -2*i - 126590, 0 = g + 5*i - 23916. List the prime factors of g.
19, 1259
Let b(o) = -8*o + 15. Let c be b(2). List the prime factors of 2 - 21*c*424/6.
2, 743
Suppose 133 + 317 = 2*c. Suppose -340 = -3*r + 5*a, 2*r - 4*a = -a + c. Suppose -2*w + 123 = -3*n, 0*n = 2*w + 3*n - r. What are the prime factors of w?
3, 19
Let f = -9900 + 15049. What are the prime factors of f?
19, 271
Suppose -3*l + 6*l = 1440. Suppose 10*j + l = 15*j. Suppose 0*n - j = -4*n. What are the prime factors of n?
2, 3
Let z = 57 + -185. List the prime factors of (3/((-12)/z))/(7/56).
2
What are the prime factors of 8/(21/7 - (-5450)/(-1817))?
2, 23, 79
Let h = 1 + -9. Let s(a) = -2*a**2 + a. Let c(z) = 16*z**2 + 15*z + 16. Let y(x) = c(x) + 5*s(x). List the prime factors of y(h).
2, 3, 5
Let f be (-16246)/(-8) - 45/60. Suppose -43*v + 38*v = -f. List the prime factors of v.
2, 7, 29
Let f = -4878 + 10022. List the prime factors of f.
2, 643
Suppose -76*v + 73*v + 5913 = 0. Suppose -4*k = b - v, 2*b = 4*b + 10. List the prime factors of k.
2, 13, 19
Suppose 0 = 47*g - 509 - 995. What are the prime factors of g?
2
Let s(q) = -3*q**2 + 23*q + 11. Let j be s(8). Suppose 5*x = 2*h + 2070, 4*x + j*h - 1085 = 571. What are the prime factors of x?
2, 3, 23
List the prime factors of (8764/35)/(-4*3/(-570)).
2, 19, 313
Let r(b) be the second derivative of -b**4/4 + 13*b**3/6 + 13*b**2/2 + 39*b. Let z be r(12). Let f = 468 + z. What are the prime factors of f?
5, 41
Suppose -4*r - 8 = 0, -s = 4*s - r - 12. Let d(f) = 25 + 16*f**2 + 25*f**s - 42*f**2 - 32*f. What are the prime factors of d(-22)?
5, 7
Suppose 12 = 3*r, 2*r + 18521 = 4*o - 11099. List the prime factors of o.
3, 823
Let p(x) = 11*x**2 - 9*x + 10. Let c = -1008 + 1000. What are the prime factors of p(c)?
2, 3, 131
Let g(l) = -94*l + 4. Let f be g(-2). Let z = f - -32. List the prime factors of z.
2, 7
Suppose 2*v - 26 = -11*v. Let d(f) = 7*f**2 + v*f**2 - 5*f**2 - 3*f**2 + f + 173. What are the prime factors of d(0)?
173
Suppose -30894 = -5*c - 3*v, -52*v + 53*v + 2 = 0. List the prime factors of c.
2, 3, 5, 103
Let q(u) = 1230*u**3 - 4*u**2 + 14*u - 7. List the prime factors of q(2).
5, 11, 179
Let b be 3/6 - (-147)/(-6). Let x = 28 + b. What are the prime factors of -72*(1 - x/2)?
2, 3
Suppose -2 = 10*d - 12. Let h(m) = -10*m**2 + 51*m**2 - 11*m**2 + 3*m - d + 43*m**2. What are the prime factors of h(1)?
3, 5
Suppose -214*j + 869899 = -3920491. List the prime factors of j.
5, 11, 37
Let k(j) = 430*j**2 - 1. Let o be k(-1). Suppose -2*l + a + 857 = -2*a, o = l - a. List the prime factors of l.
2, 5, 43
What are the prime factors of (-41)/(11/(-3322)*2)?
41, 151
Let q(l) = -8*l + 17*l**3 - l + l - 16 - 15*l**3 - l**2. List the prime factors of q(6).
2, 83
Suppose -3*b + j - 45 = -6, -b + j = 15. Let o be ((-82)/(-4))/((-1)/b). Suppose -o = 18*u - 24*u. List the prime factors of u.
41
Let t(b) = 3*b + 11. Let z(o) = -3*o - 10. Let d(m) = 6*t(m) + 5*z(m). Let i be d(0). Suppose 12*v - i*v = -560. List the prime factors of v.
2, 5, 7
Let k be (-38)/(-57)*18/4. Suppose 2*r = -5*b - 6, -2 = 5*b + k*r + r. List the prime factors of (1/b)/(3/(-150)).
5
Let s = 70 + -68. Suppose t + s*t = -6042. List the prime factors of t/(-30) + 2/(-15).
67
Suppose j - 4*j = -2*b - 6188, 3*b = 2*j - 4117. Suppose -j = -9*c + 724. List the prime factors of c.
2, 5, 31
Suppose 2*w = w + 6431 + 18754. What are the prime factors of w?
3, 5, 23, 73
Let g(r) = 8*r + 28. Suppose -3*i - 9 = 3*m, 4*m + 4*i = -m - 12. Suppose m = -q - 8 + 19. List the prime factors of g(q).
2, 29
Suppose -f + 50*q + 33429 = 53*q, f + 4*q = 33433. List the prime factors of f.
3,